{"id":238,"date":"2025-12-06T19:01:07","date_gmt":"2025-12-06T18:01:07","guid":{"rendered":"https:\/\/imprezyzder.com\/?page_id=238"},"modified":"2026-01-10T01:15:46","modified_gmt":"2026-01-10T00:15:46","slug":"fotobudka","status":"publish","type":"page","link":"https:\/\/imprezyzder.com\/?page_id=238","title":{"rendered":"Fotobudka"},"content":{"rendered":"\n<p><\/p>\n\n\n\n<div style=\"\n   font-family:Arial, sans-serif;\n    font-size:18px;\n    font-weight:400;\n    color:black;\n    width:fit-content;\n    margin:0px auto;\n    transform:translateX(20px);\n    text-align:left;\n\">\n    Wiemy, \u017ce nie ka\u017cda impreza od razu zapowiada si\u0119 jak ta jedyna w swoim rodzaju\u2026\nAle to w\u0142a\u015bnie dlatego powsta\u0142a nasza Fotobudka \u2014 \u017ceby nawet zwyk\u0142e spotkanie mog\u0142o zamieni\u0107 si\u0119 w co\u015b absolutnie wyj\u0105tkowego.\nZ nami ka\u017cda chwila nabiera koloru, energii i tego \u201eczego\u015b\u201d, co zostaje w pami\u0119ci na d\u0142ugo po zako\u0144czonym wydarzeniu.\nNiezale\u017cnie od tego, czy organizujesz urodziny, wesele, event firmowy czy po prostu chcesz zrobi\u0107 komu\u015b niespodziank\u0119 \u2014 jeste\u015b we w\u0142a\u015bciwym miejscu.\nPoni\u017cej przygotowali\u015bmy pakiety stworzone z my\u015bl\u0105 o r\u00f3\u017cnych potrzebach i bud\u017cetach.\nWybierz rozs\u0105dnie\u2026 albo po prostu wybierz to, co zrobi najwi\u0119ksze WOW.\nBo najpi\u0119kniejsze wspomnienia tworzy si\u0119 tylko raz \u2014 a my ju\u017c zadbamy, \u017ceby by\u0142y idealne. \ud83d\udc9b\n<\/div>\n\n\n\n<div style=\"\n    font-family:Arial, sans-serif;\n    font-size:34px;\n    font-weight:900;\n    color:#ffcc66;\n    text-transform:uppercase;\n    width:fit-content;\n    margin:20px auto;\n    transform:translateX(20px);\n\">\n    PAKIETY IMPREZOWE\n<\/div>\n\n\n\n<div class=\"wp-block-columns are-vertically-aligned-center is-layout-flex wp-container-core-columns-is-layout-9d6595d7 wp-block-columns-is-layout-flex\">\n<div class=\"wp-block-column is-vertically-aligned-center is-layout-flow wp-block-column-is-layout-flow\">\n<div class=\"card\">\n\n    <div class=\"star\" style=\"font-size:40px; margin-bottom:8px;\">\u2b50<\/div>\n\n    <div style=\"font-size:28px; font-weight:900; color:#ff6d00; margin-bottom:8px; text-transform:uppercase;\">\n        Standard\n    <\/div>\n\n    <div style=\"font-size:15px; line-height:1.4;\">\n        Czas wynajmu : 1h<br>\n        Liczba zdj\u0119\u0107: 50 szt<br>\n        Podstawowe gad\u017cety<br>\n        Prosty wz\u00f3r ramki\n    <\/div>\n\n    <div style=\"margin-top:12px; font-size:32px; font-weight:900; color:#ff6d00;\">\n        350 z\u0142\n    <\/div>\n\n    <div class=\"extra\">\n        <p style=\"margin-top:15px; font-size:15px; line-height:1.4;\">\n            Idealny pakiet na mniejsze wydarzenia \u2013 prosty, klasyczny,<br>\n            ale nadal oferuj\u0105cy \u015bwietn\u0105 jako\u015b\u0107 zdj\u0119\u0107 i gad\u017cet\u00f3w.\n        <\/p>\n\n    <\/div>\n\n<\/div>\n<\/div>\n\n\n\n<div class=\"wp-block-column is-vertically-aligned-center is-layout-flow wp-block-column-is-layout-flow\">\n<div class=\"card badge-ultra\">\n\n    <!-- IKONA DIAMENTU -->\n    <div class=\"diamond\" style=\"font-size:40px; margin-bottom:8px;\">\ud83d\udc8e<\/div>\n\n    <!-- TYTU\u0141 -->\n    <div style=\"\n        font-size:28px;\n        font-weight:900;\n        color:#ffcc66;\n        margin-bottom:8px;\n        text-transform:uppercase;\">\n        Ultra\n    <\/div>\n\n    <!-- LISTA -->\n    <div style=\"font-size:15px; line-height:1.4;\">\n        Czas wynajmu : 4h<br>\n        Liczba zdj\u0119\u0107: Nielimitowana<br>\n        Personalizowane gad\u017cety<br>\n        Personalizowana ramka<br>\n        Dmuchany namiot RGB<br>\n      Fotoksi\u0105\u017cka <br>\n    <\/div>\n\n    <!-- CENA -->\n    <div style=\"margin-top:12px; font-size:32px; font-weight:900; color:#ffcc66;\">\n        800 z\u0142\n    <\/div>\n\n    <!-- ROZWIJANA CZ\u0118\u015a\u0106 -->\n    <div class=\"extra\">\n\n        <p style=\"margin-top:15px; font-size:15px; line-height:1.4;\">\n            Pakiet Ultra oferuje pe\u0142n\u0105 personalizacj\u0119, luksusowe dodatki<br>\n            oraz nielimitowane zdj\u0119cia dla najbardziej wymagaj\u0105cych klient\u00f3w.\n        <\/p>\n\n        <!-- OBRAZEK Z BADGEM GRATIS -->\n        <div class=\"image-wrapper\" style=\"margin-top:10px;\">\n\n            <!-- BADGE GRATIS -->\n            <div class=\"image-badge\">\u2b50 GRATIS<\/div>\n\n            <img decoding=\"async\" src=\"https:\/\/imprezyzder.com\/wp-content\/uploads\/2025\/12\/Corvette-c7.png\"\n                style=\"width:100%; border-radius:10px;\">\n        <\/div>\n <div style=\"font-size:15px; line-height:1.4;\"<br>\n        Przew\u00f3z solenizanta<br>\n        Corvette C7\n    <\/div>\n    <\/div>\n\n<\/div>\n<\/div>\n\n\n\n<div class=\"wp-block-column is-vertically-aligned-center is-layout-flow wp-block-column-is-layout-flow\">\n<div class=\"card\">\n\n    <div class=\"crown\" style=\"font-size:40px; margin-bottom:8px;\">\ud83d\udc51<\/div>\n\n    <div style=\"font-size:28px; font-weight:900; color:#ff6d00; margin-bottom:8px; text-transform:uppercase;\">\n        Pro\n    <\/div>\n\n    <div style=\"font-size:15px; line-height:1.4;\">\n        Czas wynajmu : 2h<br>\n        Liczba zdj\u0119\u0107: 100 szt<br>\n        Du\u017cy zestaw gad\u017cet\u00f3w<br>\n        R\u00f3\u017cne projekty ramek<br>\n        T\u0142o dekoracyjne\n    <\/div>\n\n    <div style=\"margin-top:12px; font-size:32px; font-weight:900; color:#ff6d00;\">\n        500 z\u0142\n    <\/div>\n\n    <div class=\"extra\">\n        <p style=\"margin-top:15px; font-size:15px; line-height:1.4;\">\n            Pakiet Pro oferuje rozszerzone mo\u017cliwo\u015bci personalizacji,<br>\n            wi\u0119ksz\u0105 ilo\u015b\u0107 gad\u017cet\u00f3w i dekoracje najwy\u017cszej jako\u015bci.\n        <\/p>\n       \n    <\/div>\n\n<\/div>\n<\/div>\n<\/div>\n\n\n\n<div style=\"\n    font-family:Arial, sans-serif;\n    font-size:34px;\n    font-weight:900;\n    color:#ffcc66;\n    text-transform:uppercase;\n    width:fit-content;\n    margin:20px auto;\n    transform:translateX(20px);\n\">\n    PAKIET WESELNY\n<\/div>\n\n\n\n<div class=\"card badge-ultra\" style=\"\n    background: linear-gradient(180deg, #f6f0e6 0%, #efe4cf 100%);\n    border: 1px solid #d4af37;\n\">\n\n    <!-- IKONA OBR\u0104CZEK (WKLEJ SWOJ\u0104 IKON\u0118) -->\n    <div class=\"diamond\" style=\"margin-bottom:10px;\">\n        <img decoding=\"async\" src=\"https:\/\/imprezyzder.com\/wp-content\/uploads\/2026\/01\/ChatGPT-Image-10.01.2026-o-01_02_34.png\" \n             alt=\"Ikona weselna\" \n             style=\"width:60px;\">\n    <\/div>\n\n    <!-- TYTU\u0141 -->\n    <div style=\"\n        font-size:28px;\n        font-weight:900;\n        color:#d4af37;\n        margin-bottom:8px;\n        text-transform:uppercase;\">\n        Pakiet Weselny\n    <\/div>\n\n    <!-- LISTA -->\n    <div style=\"font-size:15px; line-height:1.5; color:#3a2f1f;\">\n        Czas wynajmu: 4h<br>\n        Liczba zdj\u0119\u0107: nielimitowana<br>\n        Personalizowane gad\u017cety weselne<br>\n        Personalizowana ramka \u015blubna<br>\n        Dmuchany namiot RGB<br>\n        Pami\u0105tka dla go\u015bci i Pary M\u0142odej<br>\n    <\/div>\n\n    <!-- CENA -->\n    <div style=\"margin-top:12px; font-size:32px; font-weight:900; color:#d4af37;\">\n        800 z\u0142\n    <\/div>\n\n    <!-- ROZWIJANA CZ\u0118\u015a\u0106 -->\n    <div class=\"extra\">\n\n        <p style=\"margin-top:15px; font-size:15px; line-height:1.5; color:#3a2f1f;\">\n            Pakiet weselny stworzony z my\u015bl\u0105 o Parach M\u0142odych,\n            kt\u00f3re chc\u0105 cieszy\u0107 si\u0119 swoim dniem bez stresu.\n            Dbamy o ka\u017cdy detal, aby Wasze wesele by\u0142o\n            radosne i niezapomniane.\n        <\/p>\n\n        <!-- OBRAZEK Z BADGEM GRATIS -->\n        <div class=\"image-wrapper\" style=\"margin-top:12px;\">\n\n            <!-- BADGE GRATIS -->\n            <div class=\"image-badge\" style=\"\n                background:#d4af37;\n                color:#fff;\n            \">\u2b50 GRATIS<\/div>\n\n            <!-- ALBUM PAMI\u0104TKOWY -->\n            <img decoding=\"async\" src=\"https:\/\/imprezyzder.com\/wp-content\/uploads\/2026\/01\/ChatGPT-Image-10.01.2026-o-00_16_09-e1768004118920.png\"\n                style=\"width:100%; border-radius:10px;\">\n        <\/div>\n\n        <div style=\"font-size:15px; line-height:1.5; margin-top:8px; color:#3a2f1f;\">\n      \n            Bezcenna pami\u0105tka z dnia \u015blubu\n        <\/div>\n\n        <!-- MI\u0141E ZAKO\u0143CZENIE -->\n        <div style=\"\n            margin-top:18px;\n            font-size:16px;\n            font-weight:700;\n            color:#b89b2f;\">\n            Wy celebrujecie mi\u0142o\u015b\u0107 \u2013 my si\u0119 wszystkim zajmiemy \u2764\ufe0f\n        <\/div>\n\n    <\/div>\n\n<\/div>\n\n","protected":false},"excerpt":{"rendered":"<p>Wiemy, \u017ce nie ka\u017cda impreza od razu zapowiada si\u0119 jak ta jedyna w swoim rodzaju\u2026 Ale to w\u0142a\u015bnie dlatego powsta\u0142a nasza Fotobudka \u2014 \u017ceby nawet zwyk\u0142e spotkanie mog\u0142o zamieni\u0107 si\u0119 w co\u015b absolutnie wyj\u0105tkowego. Z nami ka\u017cda chwila nabiera koloru, energii i tego \u201eczego\u015b\u201d, co zostaje w pami\u0119ci na d\u0142ugo po zako\u0144czonym wydarzeniu. Niezale\u017cnie od &hellip; <\/p>\n<p class=\"link-more\"><a href=\"https:\/\/imprezyzder.com\/?page_id=238\" class=\"more-link\">Continue reading<span class=\"screen-reader-text\"> &#8220;Fotobudka&#8221;<\/span><\/a><\/p>\n","protected":false},"author":1,"featured_media":0,"parent":0,"menu_order":0,"comment_status":"closed","ping_status":"closed","template":"","meta":{"_eb_attr":"","footnotes":""},"class_list":["post-238","page","type-page","status-publish","hentry"],"_links":{"self":[{"href":"https:\/\/imprezyzder.com\/index.php?rest_route=\/wp\/v2\/pages\/238","targetHints":{"allow":["GET"]}}],"collection":[{"href":"https:\/\/imprezyzder.com\/index.php?rest_route=\/wp\/v2\/pages"}],"about":[{"href":"https:\/\/imprezyzder.com\/index.php?rest_route=\/wp\/v2\/types\/page"}],"author":[{"embeddable":true,"href":"https:\/\/imprezyzder.com\/index.php?rest_route=\/wp\/v2\/users\/1"}],"replies":[{"embeddable":true,"href":"https:\/\/imprezyzder.com\/index.php?rest_route=%2Fwp%2Fv2%2Fcomments&post=238"}],"version-history":[{"count":85,"href":"https:\/\/imprezyzder.com\/index.php?rest_route=\/wp\/v2\/pages\/238\/revisions"}],"predecessor-version":[{"id":436,"href":"https:\/\/imprezyzder.com\/index.php?rest_route=\/wp\/v2\/pages\/238\/revisions\/436"}],"wp:attachment":[{"href":"https:\/\/imprezyzder.com\/index.php?rest_route=%2Fwp%2Fv2%2Fmedia&parent=238"}],"curies":[{"name":"wp","href":"https:\/\/api.w.org\/{rel}","templated":true}]}}